{"id":142,"date":"2016-01-20T14:27:02","date_gmt":"2016-01-20T14:27:02","guid":{"rendered":"https:\/\/lestableauxdemc.com\/index.php\/home\/"},"modified":"2025-03-31T09:41:22","modified_gmt":"2025-03-31T07:41:22","slug":"page-accueil","status":"publish","type":"page","link":"https:\/\/lestableauxdemc.com\/","title":{"rendered":"page d&#8217;accueil"},"content":{"rendered":"<div id=\"cs-content\" class=\"cs-content\"><div class=\"x-section e142-e1 m3y-0 m3y-1 m3y-2\"><div class=\"x-bg\" aria-hidden=\"true\"><div class=\"x-bg-layer-lower-image\" style=\" background-image: url(https:\/\/lestableauxdemc.com\/wp-content\/uploads\/2024\/01\/slider-motif-3-copie-100-1.jpg); background-repeat: no-repeat; background-position: center; background-size: initial;\"><\/div><\/div><div class=\"x-row x-container max width e142-e2 m3y-j m3y-k m3y-l m3y-m m3y-n m3y-o m3y-p m3y-y m3y-z\"><div class=\"x-row-inner\"><div class=\"x-col e142-e3 m3y-17 m3y-18 m3y-19 m3y-1a m3y-1b m3y-1c m3y-1d\"><div class=\"x-text x-text-headline e142-e4 m3y-1i m3y-1j m3y-1k m3y-1l m3y-1m m3y-1n m3y-1o m3y-1p m3y-7 m3y-8 x-effect-exit\" data-x-effect=\"{&quot;scroll&quot;:true,&quot;offsetTop&quot;:&quot;10%&quot;,&quot;offsetBottom&quot;:&quot;10%&quot;,&quot;behaviorScroll&quot;:&quot;fire-once&quot;,&quot;animationEnter&quot;:&quot;fadeInUp&quot;,&quot;animationExit&quot;:&quot;fadeOut&quot;}\"><div class=\"x-text-content\"><div class=\"x-text-content-text\"><h1 class=\"x-text-content-text-primary\">Bienvenue sur le site<br \/>les tableaux de MC<\/h1>\n<\/div><\/div><\/div><hr class=\"x-line e142-e5 m3y-25 m3y-8 m3y-9 m3y-a x-effect-exit\" data-x-effect=\"{&quot;scroll&quot;:true,&quot;offsetTop&quot;:&quot;10%&quot;,&quot;offsetBottom&quot;:&quot;10%&quot;,&quot;behaviorScroll&quot;:&quot;fire-once&quot;,&quot;animationEnter&quot;:&quot;fadeInDown&quot;,&quot;animationExit&quot;:&quot;rollOut&quot;}\"\/><div class=\"x-text x-content e142-e6 m3y-26 m3y-27 m3y-28 m3y-8 m3y-b m3y-c x-effect-exit\" data-x-effect=\"{&quot;scroll&quot;:true,&quot;offsetTop&quot;:&quot;10%&quot;,&quot;offsetBottom&quot;:&quot;10%&quot;,&quot;behaviorScroll&quot;:&quot;fire-once&quot;,&quot;animationEnter&quot;:&quot;slideInUp&quot;,&quot;animationExit&quot;:&quot;rollOut&quot;}\"><div dir=\"ltr\">Le plus souvent, les tableaux de MC sont des kits de manipulation sur une notion scolaire.<br \/>Mais parfois, il s'agit de la m&eacute;thode illustr&eacute;e d'utilisation du mat&eacute;riel Montessori du commerce, et de fiches d'exercices &agrave; faire avec ce mat&eacute;riel. Les tableaux sont class&eacute;s par mati&egrave;re puis par niveau de difficult&eacute;s ou par classe. <\/div><\/div><a class=\"x-anchor x-anchor-button e142-e7 m3y-2b m3y-2c m3y-2d m3y-8 m3y-b m3y-d m3y-e x-effect-exit\" tabindex=\"0\" href=\"#tableauxparmatieres\" rel=\"nofollow\" data-x-effect=\"{&quot;scroll&quot;:true,&quot;offsetTop&quot;:&quot;10%&quot;,&quot;offsetBottom&quot;:&quot;10%&quot;,&quot;behaviorScroll&quot;:&quot;fire-once&quot;}\"><div class=\"x-anchor-content\"><div class=\"x-anchor-text\"><span class=\"x-anchor-text-primary\">EN SAVOIR +<\/span><\/div><\/div><\/a><\/div><div class=\"x-col e142-e8 m3y-17 m3y-19 m3y-1a m3y-1d m3y-1e m3y-1f\"><\/div><\/div><\/div><\/div><div class=\"x-section e142-e9 m3y-0 m3y-2 m3y-3\"><div class=\"x-bg\" aria-hidden=\"true\"><div class=\"x-bg-layer-lower-image\" style=\" background-image: url(https:\/\/lestableauxdemc.com\/wp-content\/uploads\/2024\/01\/homepage-elements_fond-matieres-scaled.jpg); background-repeat: repeat; background-position: center; background-size: initial;\"><\/div><\/div><div class=\"x-row x-container max width e142-e10 m3y-j m3y-k m3y-l m3y-n m3y-p m3y-q m3y-r m3y-y m3y-10\"><div class=\"x-row-inner\"><div class=\"x-col e142-e11 m3y-17 m3y-19 m3y-1a m3y-1b m3y-1c m3y-1d m3y-1e\" id=\"tableauxparmatieres\"><div class=\"x-text x-text-headline e142-e12 m3y-1i m3y-1j m3y-1k m3y-1m m3y-1n m3y-1o m3y-1p m3y-1q m3y-1r\"><div class=\"x-text-content\"><div class=\"x-text-content-text\"><h1 class=\"x-text-content-text-primary\">Tableaux par mati&egrave;res<\/h1>\n<\/div><\/div><\/div><hr class=\"x-line e142-e13 m3y-25 m3y-9\"\/><div class=\"x-text x-content e142-e14 m3y-26 m3y-28 m3y-29\"><p>D&eacute;couvrez ici les tableaux de manipulation et autres outils p&eacute;dagogiques rang&eacute;s par mati&egrave;re.<\/p><\/div><\/div><\/div><\/div><div class=\"x-row x-container max width e142-e15 m3y-l m3y-o m3y-s m3y-t m3y-u m3y-11 m3y-12\"><div class=\"x-row-inner\"><div class=\"x-col e142-e16 m3y-1a m3y-1f\"><div class=\"x-card is-flip-right has-not-flipped e142-e17 m3y-2j m3y-2k m3y-8 m3y-f m3y-g x-effect-exit\" data-x-effect=\"{&quot;scroll&quot;:true,&quot;offsetTop&quot;:&quot;10%&quot;,&quot;offsetBottom&quot;:&quot;10%&quot;,&quot;behaviorScroll&quot;:&quot;fire-once&quot;,&quot;animationEnter&quot;:&quot;fadeInUp&quot;,&quot;animationExit&quot;:&quot;rotateOut&quot;}\" data-x-element-card=\"\"><div class=\"x-card-faces\"><div class=\"x-card-face is-front\"><div class=\"x-text x-text-headline has-graphic m3y-1i m3y-1j m3y-1k m3y-1p m3y-1r m3y-1s m3y-1t m3y-1u m3y-1v m3y-1w\"><div class=\"x-text-content\"><span class=\"x-graphic\" aria-hidden=\"true\"><span class=\"x-image x-graphic-child x-graphic-image x-graphic-primary\"><img decoding=\"async\" src=\"https:\/\/lestableauxdemc.com\/wp-content\/uploads\/2024\/01\/homepage-elements_sigle-matiere-1.png\" width=\"91\" height=\"91\" alt=\"Image\" loading=\"lazy\"><\/span><\/span><div class=\"x-text-content-text\"><h1 class=\"x-text-content-text-primary\">Lecture \/ <b>\u00c9<\/b>criture<\/h1>\n<\/div><\/div><\/div><\/div><div class=\"x-card-face is-back\"><div class=\"x-text x-text-headline m3y-1i m3y-1j m3y-1o m3y-1p m3y-1r m3y-1t m3y-1w m3y-1x m3y-1y m3y-1z m3y-20 m3y-21\"><div class=\"x-text-content\"><div class=\"x-text-content-text\"><h1 class=\"x-text-content-text-primary\"><\/h1>\n<span class=\"x-text-content-text-subheadline\">Acc\u00e9dez aux tableaux d\u00e9di\u00e9s \u00e0 cette mati\u00e8re.<\/span><\/div><\/div><\/div><a class=\"x-anchor x-anchor-button m3y-2c m3y-2d m3y-2e m3y-2f m3y-2g\" tabindex=\"0\" href=\"https:\/\/lestableauxdemc.com\/index.php\/lecture-ecriture\/\"><div class=\"x-anchor-content\"><div class=\"x-anchor-text\"><span class=\"x-anchor-text-primary\">EN SAVOIR +<\/span><\/div><\/div><\/a><\/div><\/div><\/div><\/div><div class=\"x-col e142-e18 m3y-1a m3y-1f\"><div class=\"x-card is-flip-right has-not-flipped e142-e19 m3y-2j m3y-2k m3y-8 m3y-a m3y-f x-effect-exit\" data-x-effect=\"{&quot;scroll&quot;:true,&quot;offsetTop&quot;:&quot;10%&quot;,&quot;offsetBottom&quot;:&quot;10%&quot;,&quot;behaviorScroll&quot;:&quot;fire-once&quot;,&quot;animationEnter&quot;:&quot;fadeInUp&quot;,&quot;animationExit&quot;:&quot;rollOut&quot;}\" data-x-element-card=\"\"><div class=\"x-card-faces\"><div class=\"x-card-face is-front\"><div class=\"x-text x-text-headline has-graphic m3y-1i m3y-1j m3y-1k m3y-1p m3y-1r m3y-1s m3y-1t m3y-1u m3y-1v m3y-1w\"><div class=\"x-text-content\"><span class=\"x-graphic\" aria-hidden=\"true\"><span class=\"x-image x-graphic-child x-graphic-image x-graphic-primary\"><img decoding=\"async\" src=\"https:\/\/lestableauxdemc.com\/wp-content\/uploads\/2024\/01\/homepage-elements_sigle-matiere-1.png\" width=\"91\" height=\"91\" alt=\"Image\" loading=\"lazy\"><\/span><\/span><div class=\"x-text-content-text\"><h1 class=\"x-text-content-text-primary\">\u00c9tude de la langue<\/h1>\n<\/div><\/div><\/div><\/div><div class=\"x-card-face is-back\"><div class=\"x-text x-text-headline m3y-1i m3y-1j m3y-1o m3y-1p m3y-1r m3y-1t m3y-1w m3y-1x m3y-1y m3y-1z m3y-20 m3y-21\"><div class=\"x-text-content\"><div class=\"x-text-content-text\"><h1 class=\"x-text-content-text-primary\"><\/h1>\n<span class=\"x-text-content-text-subheadline\">Acc\u00e9dez aux tableaux d\u00e9di\u00e9s \u00e0 cette mati\u00e8re.<\/span><\/div><\/div><\/div><a class=\"x-anchor x-anchor-button m3y-2c m3y-2d m3y-2e m3y-2f m3y-2g\" tabindex=\"0\" href=\"https:\/\/lestableauxdemc.com\/index.php\/etude-de-la-langue\/\" rel=\"nofollow\"><div class=\"x-anchor-content\"><div class=\"x-anchor-text\"><span class=\"x-anchor-text-primary\">EN SAVOIR +<\/span><\/div><\/div><\/a><\/div><\/div><\/div><\/div><div class=\"x-col e142-e20 m3y-1a m3y-1f\"><div class=\"x-card is-flip-right has-not-flipped e142-e21 m3y-2j m3y-2k m3y-8 m3y-e m3y-f x-effect-exit\" data-x-effect=\"{&quot;scroll&quot;:true,&quot;offsetTop&quot;:&quot;10%&quot;,&quot;offsetBottom&quot;:&quot;10%&quot;,&quot;behaviorScroll&quot;:&quot;fire-once&quot;,&quot;animationEnter&quot;:&quot;fadeInUp&quot;,&quot;animationExit&quot;:&quot;rollOut&quot;}\" data-x-element-card=\"\"><div class=\"x-card-faces\"><div class=\"x-card-face is-front\"><div class=\"x-text x-text-headline has-graphic m3y-1i m3y-1j m3y-1k m3y-1p m3y-1r m3y-1s m3y-1t m3y-1u m3y-1v m3y-1w\"><div class=\"x-text-content\"><span class=\"x-graphic\" aria-hidden=\"true\"><span class=\"x-image x-graphic-child x-graphic-image x-graphic-primary\"><img decoding=\"async\" src=\"https:\/\/lestableauxdemc.com\/wp-content\/uploads\/2024\/01\/homepage-elements_sigle-matiere-1.png\" width=\"91\" height=\"91\" alt=\"Image\" loading=\"lazy\"><\/span><\/span><div class=\"x-text-content-text\"><h1 class=\"x-text-content-text-primary\"><p>Math\u00e9matiques<\/p>\n<p><\/p><\/h1>\n<\/div><\/div><\/div><\/div><div class=\"x-card-face is-back\"><div class=\"x-text x-text-headline m3y-1i m3y-1j m3y-1o m3y-1p m3y-1r m3y-1t m3y-1w m3y-1x m3y-1y m3y-1z m3y-20 m3y-21\"><div class=\"x-text-content\"><div class=\"x-text-content-text\"><h1 class=\"x-text-content-text-primary\"><\/h1>\n<span class=\"x-text-content-text-subheadline\">Acc\u00e9dez aux tableaux d\u00e9di\u00e9s \u00e0 cette mati\u00e8re.<\/span><\/div><\/div><\/div><a class=\"x-anchor x-anchor-button m3y-2c m3y-2d m3y-2e m3y-2f m3y-2g\" tabindex=\"0\" href=\"https:\/\/lestableauxdemc.com\/index.php\/mathematiques\/\"><div class=\"x-anchor-content\"><div class=\"x-anchor-text\"><span class=\"x-anchor-text-primary\">EN SAVOIR +<\/span><\/div><\/div><\/a><\/div><\/div><\/div><\/div><div class=\"x-col e142-e22 m3y-1a m3y-1f\"><div class=\"x-card is-flip-right has-not-flipped e142-e23 m3y-2j m3y-2k m3y-8 m3y-f m3y-h x-effect-exit\" data-x-effect=\"{&quot;scroll&quot;:true,&quot;offsetTop&quot;:&quot;10%&quot;,&quot;offsetBottom&quot;:&quot;10%&quot;,&quot;behaviorScroll&quot;:&quot;fire-once&quot;,&quot;animationEnter&quot;:&quot;fadeInUp&quot;,&quot;animationExit&quot;:&quot;rollOut&quot;}\" data-x-element-card=\"\"><div class=\"x-card-faces\"><div class=\"x-card-face is-front\"><div class=\"x-text x-text-headline has-graphic m3y-1i m3y-1j m3y-1k m3y-1p m3y-1r m3y-1s m3y-1t m3y-1u m3y-1v m3y-1w\"><div class=\"x-text-content\"><span class=\"x-graphic\" aria-hidden=\"true\"><span class=\"x-image x-graphic-child x-graphic-image x-graphic-primary\"><img decoding=\"async\" src=\"https:\/\/lestableauxdemc.com\/wp-content\/uploads\/2024\/01\/homepage-elements_sigle-matiere-1.png\" width=\"91\" height=\"91\" alt=\"Image\" loading=\"lazy\"><\/span><\/span><div class=\"x-text-content-text\"><h1 class=\"x-text-content-text-primary\">Sciences \/ Arts \/ Culture<\/h1>\n<\/div><\/div><\/div><\/div><div class=\"x-card-face is-back\"><div class=\"x-text x-text-headline m3y-1i m3y-1j m3y-1o m3y-1p m3y-1r m3y-1t m3y-1w m3y-1x m3y-1y m3y-1z m3y-20 m3y-21\"><div class=\"x-text-content\"><div class=\"x-text-content-text\"><h1 class=\"x-text-content-text-primary\"><\/h1>\n<span class=\"x-text-content-text-subheadline\">Acc\u00e9dez aux tableaux d\u00e9di\u00e9s \u00e0 cette mati\u00e8re.<\/span><\/div><\/div><\/div><a class=\"x-anchor x-anchor-button m3y-2c m3y-2d m3y-2e m3y-2f m3y-2g\" tabindex=\"0\" href=\"https:\/\/lestableauxdemc.com\/index.php\/sciences-arts-jeux\/\"><div class=\"x-anchor-content\"><div class=\"x-anchor-text\"><span class=\"x-anchor-text-primary\">EN SAVOIR +<\/span><\/div><\/div><\/a><\/div><\/div><\/div><\/div><\/div><\/div><\/div><div class=\"x-section e142-e24 m3y-0 m3y-4 m3y-5\"><div class=\"x-row x-container max width e142-e25 m3y-j m3y-k m3y-l m3y-n m3y-p m3y-q m3y-v m3y-y m3y-13\"><div class=\"x-row-inner\"><div class=\"x-col e142-e26 m3y-17 m3y-19 m3y-1a m3y-1c m3y-1d m3y-1e m3y-1g\"><div class=\"x-text x-text-headline e142-e27 m3y-1i m3y-1j m3y-1k m3y-1m m3y-1n m3y-1o m3y-1q m3y-1r m3y-22\"><div class=\"x-text-content\"><div class=\"x-text-content-text\"><h1 class=\"x-text-content-text-primary\">&agrave; propos<\/h1>\n<\/div><\/div><\/div><hr class=\"x-line e142-e28 m3y-25 m3y-9\"\/><\/div><\/div><\/div><div class=\"x-row x-container max width e142-e29 m3y-j m3y-l m3y-t m3y-w m3y-14\"><div class=\"x-row-inner\"><div class=\"x-col e142-e30 m3y-17 m3y-19 m3y-1a m3y-1e m3y-1f\"><div class=\"x-card is-flip-right has-not-flipped e142-e31 m3y-2j m3y-2l m3y-f\" data-x-element-card=\"\"><div class=\"x-card-faces\"><div class=\"x-card-face is-front\"><div class=\"x-text x-text-headline has-graphic m3y-1i m3y-1j m3y-1k m3y-1p m3y-1r m3y-1s m3y-1t m3y-1u m3y-1w m3y-20 m3y-21\"><div class=\"x-text-content\"><span class=\"x-graphic\" aria-hidden=\"true\"><span class=\"x-image x-graphic-child x-graphic-image x-graphic-primary\"><img decoding=\"async\" src=\"https:\/\/lestableauxdemc.com\/wp-content\/uploads\/2024\/03\/MC-photo-1-copie-1.png\" width=\"143\" height=\"143\" alt=\"Image\" loading=\"lazy\"><\/span><\/span><div class=\"x-text-content-text\"><h1 class=\"x-text-content-text-primary\"><p>Marie-Christine<br \/>\nYvon<\/p><\/h1>\n<\/div><\/div><\/div><\/div><div class=\"x-card-face is-back\"><div class=\"x-text x-text-headline m3y-1i m3y-1j m3y-1o m3y-1p m3y-1r m3y-1t m3y-1w m3y-1y m3y-1z m3y-20 m3y-21 m3y-23\"><div class=\"x-text-content\"><div class=\"x-text-content-text\"><h1 class=\"x-text-content-text-primary\"><\/h1>\n<span class=\"x-text-content-text-subheadline\">Enseignante de Sciences Physique dans l\u2019EN pendant 30 ans, et maman d\u2019enfants porteurs de TSA, pour travailler les mati\u00e8res scolaires avec eux et des \u00e9l\u00e8ves TSA, j\u2019utilise Teacch, ABA, et Montessori.<\/span><\/div><\/div><\/div><a class=\"x-anchor x-anchor-button m3y-2c m3y-2d m3y-2e m3y-2g m3y-2h\" tabindex=\"0\" href=\"https:\/\/lestableauxdemc.com\/index.php\/a-propos\/\"><div class=\"x-anchor-content\"><div class=\"x-anchor-text\"><span class=\"x-anchor-text-primary\">EN SAVOIR +<\/span><\/div><\/div><\/a><\/div><\/div><\/div><\/div><a class=\"x-col e142-e32 m3y-17 m3y-1a m3y-1h article-container\" href=\"https:\/\/lestableauxdemc.com\/index.php\/travailler-avec-une-enfant-autiste\/\" rel=\"nofollow\" data-x-effect-provider=\"colors particles effects\"><div class=\"x-div e142-e33 m3y-2m m3y-2n m3y-2o\"><div class=\"x-div e142-e34 m3y-2n m3y-2o m3y-2p m3y-i\" data-x-effect=\"{&quot;durationBase&quot;:&quot;300ms&quot;}\"><div class=\"x-bg\" aria-hidden=\"true\"><div class=\"x-bg-layer-lower-image\" style=\" background-image: url(https:\/\/lestableauxdemc.com\/wp-content\/uploads\/2024\/03\/image-traviller-avec-un-enfant-autiste.jpg); background-repeat: no-repeat; background-position: center; background-size: cover;\"><\/div><\/div><\/div><div class=\"x-div e142-e35 m3y-2n m3y-2q\"><\/div><\/div><div class=\"x-text x-text-headline e142-e36 m3y-1j m3y-1k m3y-1m m3y-1p m3y-1t m3y-1u m3y-1z m3y-20 m3y-24\"><div class=\"x-text-content\"><div class=\"x-text-content-text\"><h1 class=\"x-text-content-text-primary\">Travailler avec un enfant autiste<\/h1>\n<span class=\"x-text-content-text-subheadline\">Travailler avec un (ou son) enfant autiste &agrave; la maison peut s'av&eacute;rer &agrave; la fois n&eacute;cessaire et compliqu&eacute;, ou au moins diff&eacute;rent d'avec un enfant neurotypique.<\/span><\/div><\/div><\/div><\/a><\/div><\/div><\/div><div class=\"x-section e142-e37 m3y-0 m3y-5 m3y-6\"><div class=\"x-row x-container max width e142-e38 m3y-j m3y-k m3y-l m3y-n m3y-q m3y-r m3y-y m3y-15\"><div class=\"x-row-inner\"><div class=\"x-col e142-e39 m3y-1a m3y-1f\"><span class=\"x-image e142-e40 m3y-2r\"><img decoding=\"async\" src=\"https:\/\/lestableauxdemc.com\/wp-content\/uploads\/2024\/01\/homepage-elements_logo-footer-1.png\" width=\"1288\" height=\"214\" alt=\"Image\" loading=\"lazy\"><\/span><div class=\"x-row x-container max width e142-e41 m3y-l m3y-n m3y-o m3y-s m3y-v m3y-x m3y-11 m3y-16\"><div class=\"x-row-inner\"><div class=\"x-col e142-e42 m3y-1a m3y-1f\"><div class=\"x-text x-content e142-e43 m3y-26 m3y-2a\"><p>e-mail : <strong>mariechristine.yvon@yahoo.fr<\/strong><\/p><\/div><\/div><div class=\"x-col e142-e44 m3y-1a m3y-1f\"><a class=\"x-anchor x-anchor-button has-graphic e142-e45 m3y-2d m3y-2g m3y-2i\" tabindex=\"0\" href=\"https:\/\/www.facebook.com\/les.tableaux.de.mc\"><div class=\"x-anchor-content\"><span class=\"x-graphic\" aria-hidden=\"true\"><i class=\"x-icon x-graphic-child x-graphic-icon x-graphic-primary\" aria-hidden=\"true\" data-x-icon-b=\"&#xf09a;\"><\/i><\/span><\/div><\/a><\/div><div class=\"x-col e142-e46 m3y-1a m3y-1f\"><div class=\"x-text x-content e142-e47 m3y-26 m3y-2a\"><p>t&eacute;l&eacute;phone : <strong>06.19.07.65.74<\/strong><\/p><\/div><\/div><\/div><\/div><\/div><\/div><\/div><\/div><span data-x-element-responsive-text=\"{&quot;selector&quot;:&quot;.h-responsive .x-text-content-text-primary&quot;,&quot;compression&quot;:&quot;1.0&quot;,&quot;minFontSize&quot;:&quot;36px&quot;,&quot;maxFontSize&quot;:&quot;64px&quot;}\" class=\"e142-e48\"><\/span><\/div>\n","protected":false},"excerpt":{"rendered":"<p>Bienvenue sur le siteles tableaux de MC Le plus souvent, les tableaux de MC sont des kits de manipulation sur une notion scolaire.Mais parfois, il s&#8217;agit de la m&eacute;thode illustr&eacute;e d&#8217;utilisation du mat&eacute;riel Montessori du commerce, et de fiches d&#8217;exercices &agrave; faire avec ce mat&eacute;riel. Les tableaux sont class&eacute;s par mati&egrave;re puis par niveau de difficult&eacute;s ou par classe. EN SAVOIR +Tableaux par mati&egrave;res D&eacute;couvrez ici les tableaux de manipulation et autres outils p&eacute;dagogiques rang&eacute;s par mati&egrave;re.Lecture \/ \u00c9criture Acc\u00e9dez &#8230;<\/p>\n","protected":false},"author":2,"featured_media":0,"parent":0,"menu_order":0,"comment_status":"closed","ping_status":"closed","template":"template-blank-4.php","meta":{"footnotes":""},"class_list":["post-142","page","type-page","status-publish","hentry","no-post-thumbnail"],"_links":{"self":[{"href":"https:\/\/lestableauxdemc.com\/index.php\/wp-json\/wp\/v2\/pages\/142","targetHints":{"allow":["GET"]}}],"collection":[{"href":"https:\/\/lestableauxdemc.com\/index.php\/wp-json\/wp\/v2\/pages"}],"about":[{"href":"https:\/\/lestableauxdemc.com\/index.php\/wp-json\/wp\/v2\/types\/page"}],"author":[{"embeddable":true,"href":"https:\/\/lestableauxdemc.com\/index.php\/wp-json\/wp\/v2\/users\/2"}],"replies":[{"embeddable":true,"href":"https:\/\/lestableauxdemc.com\/index.php\/wp-json\/wp\/v2\/comments?post=142"}],"version-history":[{"count":10,"href":"https:\/\/lestableauxdemc.com\/index.php\/wp-json\/wp\/v2\/pages\/142\/revisions"}],"predecessor-version":[{"id":1148,"href":"https:\/\/lestableauxdemc.com\/index.php\/wp-json\/wp\/v2\/pages\/142\/revisions\/1148"}],"wp:attachment":[{"href":"https:\/\/lestableauxdemc.com\/index.php\/wp-json\/wp\/v2\/media?parent=142"}],"curies":[{"name":"wp","href":"https:\/\/api.w.org\/{rel}","templated":true}]}}